 f = k - -20. List the prime factors of f.
2, 5
Let q(d) be the third derivative of d**5/60 + d**4/4 + 5*d**3/6 - 6*d**2. Let i be q(-5). List the prime factors of i + 91 + (-2 + 4 - 5).
2, 11
Suppose -2*u + 5*d + 31 = 0, 3*u - 2*d + 7*d + 16 = 0. Suppose -u*s = t - 136, -3*t - 3*s = -t - 284. List the prime factors of t.
2, 37
Let k be (4/(-6))/((-12)/54). Suppose k*j = -931 + 133. Let n = 413 + j. List the prime factors of n.
3, 7
Let c(a) = 20856*a**2 + 120*a - 121. List the prime factors of c(1).
5, 43, 97
Let p be (-250)/(4 - 3)*29/(-2). Let b = -2514 + p. What are the prime factors of b?
11, 101
Suppose -62*p = -147*p + 80495. List the prime factors of p.
947
Let d(x) = x**3 + x**2 - 15*x + 7. What are the prime factors of d(5)?
2, 41
Let t = -49 - -63. List the prime factors of t + 402 + (-1 - -2).
3, 139
Suppose 2*b + g - 16 = -3*g, -2*g - 10 = -2*b. Suppose 0 = b*x - 1 - 11. Suppose -4*z + x*t = -918, -2*z - z = -4*t - 676. What are the prime factors of z?
2, 29
Let v(u) = -u**3 - 40*u**2 + 36*u - 59. Let t = 325 - 366. What are the prime factors of v(t)?
2, 73
Let l = 1207 - -14298. What are the prime factors of l?
5, 7, 443
Let j = -3 - -7. Let u(l) = 164*l + 8366. Let y be u(-51). Suppose -y*h + 104 = 3*h + a, 0 = j*h + 3*a - 81. List the prime factors of h.
3, 7
Let w = -1051 - -1774. Suppose 4282 = 11*o - w. What are the prime factors of o?
5, 7, 13
Let f be 618 - 7/((-35)/15). Suppose -3*h - 3*k + 765 = 0, 2*k + f = 2*h + 95. What are the prime factors of h?
7, 37
Suppose -w - 16619 - 18928 = -2*p, -3*p + 2*w = -53323. List the prime factors of p.
13, 1367
Suppose -l + 170 + 7 = -3*d, 708 = 4*l - 5*d. Suppose -5*b + 1532 = -c, -b - 3*c + l + 123 = 0. What are the prime factors of b?
2, 3, 17
Let i(g) = -5*g**2 + 3*g - 3. Let m be i(1). Let y = 12 + m. Suppose y*p - 3*p - 320 = 0. List the prime factors of p.
2, 5
Suppose -7*h - 8 = -3*h. Let j(o) = -o**3 - 7*o**2 - 6*o. Let m be j(-7). What are the prime factors of (51/h)/((-21)/m)?
3, 17
Let g be 12/(-22) + (-595000)/(-220). Suppose 0 = 4*o - g - 332. What are the prime factors of o?
3, 11, 23
Suppose v - x - 9 = -5*x, 4*v - 18 = 2*x. Suppose -v*t - 2212 = -4*l, -3*l + 3*t = 4*t - 1678. List the prime factors of l.
2, 3, 31
Suppose 0 = 177*i - 201*i + 15192. What are the prime factors of i?
3, 211
Let x(g) = 134*g**2 + g - 97. What are the prime factors of x(-6)?
4721
Let d be (9144/(-108))/((-6)/243). Let i = d - 1932. What are the prime factors of i?
3, 499
Let j = -1081 + 2726. What are the prime factors of j?
5, 7, 47
Let i = 6 - 3. Let u be ((-6)/(-9))/((-32)/432). What are the prime factors of -48*(6/u - 1/i)?
2, 3
Suppose -4*w + 40 = -3*k + 7*k, -3*w = -2*k - 30. Suppose w*y + 2388 = 14*y. What are the prime factors of y?
3, 199
Suppose -4*k - 3 = -5*k, -2*u = 3*k - 1391. Suppose -976 = -3*y + 4*b, b = 4*y - 619 - u. What are the prime factors of y?
2, 41
Suppose -8*h - 92 = -6836. Let l = -473 + h. What are the prime factors of l?
2, 5, 37
Let m = -2 - -11. Suppose -54 + m = -a. Let t = 5 + a. List the prime factors of t.
2, 5
Suppose 0 = -g - 1, 1517 = 5*i + 5*g - 1298. Suppose -1732 + i = -8*f. List the prime factors of f.
2, 73
Let d = 1967 + -1223. Suppose 11*n = 8*n + d. List the prime factors of n.
2, 31
Let n(v) = 13*v**2 - v + 1. Let d be n(-6). Let r = 2239 - 2239. Suppose -5*k + 2*p + 1162 = 6*p, r = -2*k - 5*p + d. What are the prime factors of k?
2, 5, 23
Suppose -5*x + 81099 = 4*w, 6*w + 64881 = 4*x + 11*w. What are the prime factors of x?
7, 331
Let p(i) = 2*i**3 + 5*i**2 - 3*i - 1. Let n be p(1). Suppose -8*l + n*l = -3*x - 3133, 0 = 5*l + 3*x - 3157. List the prime factors of l.
17, 37
Let s = 175 + -326. Let q(n) = n - 80. Let y be q(0). Let p = y - s. What are the prime factors of p?
71
Suppose 6*v = 35723 + 34387 + 46356. What are the prime factors of v?
7, 47, 59
Let z(i) = -i**3 - 57*i**2 - 4*i + 16359. List the prime factors of z(0).
3, 7, 19, 41
Let j = -352 - -741. Suppose -505 = -5*h + 5*z + 150, -3*h - z = -j. Let t = h - 87. List the prime factors of t.
43
Suppose 1056 = 18*k - 924. Let z(p) = -p**3 + 11*p**2 - p - 3. Let c be z(8). Let s = c - k. List the prime factors of s.
71
What are the prime factors of 8/(-10) + 1 - (-28168)/10?
3, 313
Suppose 3*n + 3*b = -12, 5*n - 4*b = -8*b - 16. Suppose -3*k - 5*h + 3948 = n, 2*k + 5*h - 1113 = 1514. What are the prime factors of k?
1321
Suppose 0 = 24*v - 73744 - 62168. List the prime factors of v.
7, 809
Let v = -27 - -36. Let r(y) = 2*y**3 + 2*y**2 - 41*y + 7. List the prime factors of r(v).
2, 17, 37
Suppose 2*s = a - 99121 + 253693, -3*s + a = -231860. List the prime factors of s.
2, 9661
Let o = 1015 - 270. List the prime factors of o.
5, 149
Let d be (3 + -11 - 1)*(8 - 2). Let q = -54 - d. Suppose q = -3*r + 348 - 18. List the prime factors of r.
2, 5, 11
Suppose -48*c = -102736 - 10016. What are the prime factors of c?
3, 29
Let s = -322 - -326. Suppose -4*r + m + 435 = 0, -2*r - 10*m + s*m + 250 = 0. List the prime factors of r.
2, 5, 11
Suppose -f - 1 - 1 = 0, 0 = 4*c + 3*f + 14. Let k(x) = -x**3 - x. Let s be k(c). Suppose -s*w + 528 = -4*w. What are the prime factors of w?
2, 11
Suppose -h - 3*m + 95 = 0, 5*m + 219 + 296 = 5*h. Suppose 2*y - 6 = 0, -k = -3*k + y - 17. Let a = k + h. What are the prime factors of a?
2, 47
Let y(t) = t**2 - 6*t + 215. Let a(h) = h**2 - 6*h + 214. Let i(z) = -6*a(z) + 7*y(z). What are the prime factors of i(0)?
13, 17
Suppose 0 = 2*r + 19 - 23, 3*b + 4*r - 43673 = 0. List the prime factors of b.
5, 41, 71
Let t(g) = -7*g + 1. Let a be t(-4). Let s = 33 - a. List the prime factors of (0 - s) + 5 - -31.
2
Let l = -10258 + 18399. What are the prime factors of l?
7, 1163
Let r = 14691 - 3458. What are the prime factors of r?
47, 239
Let x(t) = 5*t + 15. Let o be x(0). Suppose -o*p = -3024 - 981. List the prime factors of p.
3, 89
Let z(o) = -2224*o - 9859. List the prime factors of z(-21).
5, 7369
Suppose -30 = -2*d - 2*v, v - 46 + 9 = -3*d. Suppose -21 - 23 = -d*g. Suppose g*a - 485 = 223. What are the prime factors of a?
3, 59
Suppose 2*u - 7*x - 162 = -2*x, 4*u - 5*x = 324. Let n = 177 + u. List the prime factors of n.
2, 3, 43
Suppose 4*k + 53 = -163. List the prime factors of (-2234)/(-9) - (-12)/k.
2, 31
Let w = 7637 + -6669. What are the prime factors of w?
2, 11
Let z be (112/(-35))/((-4)/10). What are the prime factors of (0 + -1)/(-1) + z?
3
Let w(q) = 24*q**2 + 50*q - 645. What are the prime factors of w(12)?
3, 379
Let h(f) = -f**3 + 9*f**2 - 3*f - 11. Suppose -22 = b + 6. Let y = -22 - b. What are the prime factors of h(y)?
79
Let j(c) = -3*c**2 + c + 6. Let k(v) = -7*v**2 + 4*v + 11. Let d(h) = -10*j(h) + 4*k(h). List the prime factors of d(10).
2, 61
Let w = 14572 + -13985. What are the prime factors of w?
587
List the prime factors of 11232*((-56)/(-102) + 82/697).
2, 3, 13
List the prime factors of (7030408/42)/22*(-3)/(-2).
101, 113
Suppose -4*z = 4*i - 7906 - 1446, -4*z + 11696 = 5*i. List the prime factors of i.
2, 293
Suppose -36333117 = -10*i - 507*i - 1183838. What are the prime factors of i?
67987
Let j = 123 - 108. Let g = j + 181. What are the prime factors of g?
2, 7
Suppose -41*o + 69*o = -56. What are the prime factors of (-87)/o*8024/204?
29, 59
Let b(j) be the third derivative of 3/2*j**3 - 20*j**2 - 1/6*j**6 + 0*j - 1/60*j**5 + 1/4*j**4 + 0. What are the prime factors of b(-2)?
3, 17
List the prime factors of 0 + -4 + 7823 + 12 + -2 + -5.
2, 3, 163
Let o(n) = -359*n - 1980. List the prime factors of o(-9).
3, 139
Let z be 9/(-6)*(-472)/6. Suppose -5*a - 465 = -3*c + 92, a - 3*c = -109. Let u = z - a. What are the prime factors of u?
2, 5, 23
Suppose -3*a + 89*a = 417272. What are the prime factors of a?
2, 1213
Let r = 913 - -8754. What are the prime factors of r?
7, 1381
Suppose -1448 = 19*k - 11*k. Let x = k - -307. What are the prime factors of x?
2, 3, 7
Let l(s) = 377*s**2 + 125*s + 57. What are the prime factors of l(5)?
3, 1123
Let u(o) = -o**3 - 12*o**2 + 7*o - 11. Let d be -2 + (-12)/(-7) - 368/(-14). Suppose 0 = -0*n + 2*n + d. What are the prime factors of u(n)?
67
Let z be 24/18 + (-11)/(-3). Suppose 6*s + 2*m - 1140 = 4*s, z*s + 3*m = 2854. List the prime factors of s.
2, 11, 13
Let a(y) = -81*y**3 + 25*y**2 - 57